1393/7?
1
Let d(r) be the second derivative of r**4/6 - 4*r**3/3 + 4*r**2 + 4*r. What is the units digit of d(6)?
2
Suppose 0 = 4*j + 3*w - 0*w - 31, 0 = 2*j + 2*w - 14. Suppose -5*m + 0 = l + 3, 3*l - 4*m = j. What is the units digit of l?
2
Let t(q) = q - 17. Let w be t(15). What is the units digit of w + 16*4/8?
6
Suppose -3*d + 4*d - 149 = -4*q, 44 = q - 2*d. What is the tens digit of q?
3
Let r = 2 + -2. Suppose 0 = -r*s + 3*s - 15. Suppose -65 = -5*c - s*p, c = 5*p + 14 + 11. What is the units digit of c?
5
Suppose 4*m = 4, 0 + 34 = 4*f - 2*m. Let p be (-6)/4*(-4)/2. What is the units digit of 7/p - 3/f?
2
Suppose -2*f = -3*w - 68, -3*f + 15 = -w - 10. Let g = 0 - w. What is the units digit of g?
2
Suppose -26 = -4*r + 3*r. What is the units digit of r?
6
Let j be (-19 + 1)/((-3)/2). Suppose -3*l - j = -7*l. Let m = l + -1. What is the units digit of m?
2
Suppose -2*d - 2 = -4. Suppose 0 = 2*z + 3 - d. What is the units digit of z/((-3)/3)*5?
5
Suppose -5*h - q = -135, 2*q + 5 + 5 = 0. What is the tens digit of h?
2
Suppose 0 = -3*g - r + 560, -4*g + 4*r = -6*g + 370. What is the hundreds digit of g?
1
Let r(g) = 3*g**3 + g**2 + g. Let v be r(-1). What is the units digit of (v - -2)/1 - -13?
2
Let y = 9 + -6. Let l be (-4 - -4)/(y/1). Suppose -4*o - 5 + 33 = l. What is the units digit of o?
7
Let o(z) = 6*z. Suppose 0 = 2*w - 0*p - 4*p + 4, w = -2*p + 10. What is the units digit of o(w)?
4
Let x be (1 - -18)/(0 + 1). Let c(n) = -n**2 - 5*n - 3. Let v be c(-2). Suppose -k - v*f - x = f, -5*f - 22 = 3*k. What is the units digit of k?
1
Let j = 7 - 6. What is the units digit of 9 - 1*(2 - j)?
8
Let x = 121 - 109. What is the units digit of x?
2
Let l be ((-25)/10)/(1/(-30)). Suppose -2*p - 5*k + 72 = 17, 3*p - l = -5*k. What is the tens digit of p?
2
Let s be 4 + -2 - (0 - 2). Let x be 190/4*s/5. Suppose 3*z - 24 = 3*f, -7*z + 2*z + 4*f = -x. What is the units digit of z?
6
Let y(q) = -q**3 - q**2 - 6*q + 11. What is the units digit of y(-4)?
3
Let y(g) = -g**2 + 8*g + 7. What is the tens digit of y(7)?
1
Let h(z) = z**2 - 7*z - 4. Suppose -5*y - 4 = -s + 10, 0 = s - 2*y - 11. What is the tens digit of h(s)?
1
Let q(x) = -x**2 - 15*x - 3. What is the units digit of q(-10)?
7
Suppose t = -t. Suppose 2*q + 1 + 5 = 0. What is the units digit of (1 - t)/(q/(-12))?
4
Let z be 1/(-2 + 39/19). Let b = z - 9. What is the units digit of b?
0
Suppose f = -f - 3*z + 19, -3 = -4*f + z. Suppose 2*u = 5*q - u - 7, -2 = -2*u. Suppose -f*o + 2 = -q. What is the units digit of o?
2
What is the tens digit of -2 - (-43 - -4) - -2?
3
What is the hundreds digit of (2283/9 - 1)/(2/3)?
3
Let j = -2 + 27. What is the units digit of j?
5
Let n = 308 + -186. What is the hundreds digit of n?
1
Let v be (-4)/(-16) + (-126)/(-8). Let r = 15 + v. What is the tens digit of r?
3
Suppose -s + 22 = -6. What is the units digit of s?
8
Let s(i) = 39*i - 19. What is the units digit of s(4)?
7
Let k = 0 + 51. What is the tens digit of k?
5
Let t(y) = 7*y + 4. Let d(h) = 8*h + 5. Let a(f) = -5*d(f) + 6*t(f). Let u be a(4). Suppose 4*g + 36 = u*g. What is the tens digit of g?
1
Let o(p) = -p**3 + 20*p**2 - 14*p + 25. What is the tens digit of o(19)?
2
Suppose -2*i - 10 = -0*i. Let s(n) = -n**2 - 5*n + 3. Let u be s(i). Let b = 0 + u. What is the units digit of b?
3
Let f(z) = z**2 + 7*z - 8. Let q(i) = i**2 + 7*i - 3. Let t be q(-6). What is the units digit of f(t)?
0
Suppose 3*h - q + 562 = 7*h, -4*h + q + 566 = 0. What is the tens digit of h?
4
Let d(i) = -59*i**3 + i**2 + 2*i + 2. What is the units digit of d(-1)?
0
Suppose 9 = 3*c - 51. What is the units digit of c?
0
Let x(i) = 4*i**2 + 11*i + 9. Let a(z) = -6*z**2 - 17*z - 14. Let l(b) = 5*a(b) + 8*x(b). What is the tens digit of l(-3)?
1
Let c = -129 - -219. What is the tens digit of c?
9
Let m = 7 - 4. Suppose 1 = l - 2, m*l - 29 = 4*v. What is the units digit of (-13)/v - (-2)/5?
3
Let t(x) = -x**2 + 6*x + 1. Let o(s) = s. Let i be o(5). Let r be t(i). Suppose r = -0*u + 2*u. What is the units digit of u?
3
Suppose -3*r - 219 = -6*r. What is the units digit of r?
3
Let l(p) = 2*p**3 + 4*p**2 - p + 2. What is the units digit of l(3)?
9
Let z = 4 - 0. Let m(n) = 4*n - 2. What is the tens digit of m(z)?
1
Let f = 3 - 4. Let s be f/(-5) - 63/15. Let o(t) = -3*t + 5. What is the tens digit of o(s)?
1
Let n = 31 - 3. What is the units digit of ((-7)/(-14))/(2/n)?
7
Suppose 5*o = 3*o + 6. Suppose 4*z + 4 = o*z + 5*q, -2*z + 22 = 5*q. What is the units digit of z?
6
Let q(w) = -w**2 - 10*w - 6. Suppose 3*u = -3*o - 33, 7 = 3*u - 5*o + 24. What is the units digit of q(u)?
3
Suppose 2*p - 3*p + 2 = 0. Let o be p/4 + 3/(-2). What is the units digit of 16/(-12)*o*3?
4
Let u(a) = 4*a**2 + 26*a + 13. What is the units digit of u(-13)?
1
What is the units digit of 837/7 + (-6)/(-14)?
0
Let d be (-310)/8 + (-3)/(-4). Let g = 57 + d. What is the units digit of g?
9
Let d(b) = 3*b**2 + b - 15. What is the hundreds digit of d(8)?
1
Suppose -968 + 128 = -15*f. What is the units digit of f?
6
Let h(n) = -n + 13. Suppose 5*a - 35 = 2*i, 2 - 16 = -2*a + 2*i. What is the units digit of h(a)?
6
Suppose -9*s + s + 184 = 0. What is the units digit of s?
3
Let v(c) = c**2 - 2. What is the units digit of v(-2)?
2
Let y(s) be the third derivative of s**5/20 + s**4/12 - s**3/2 - 2*s**2. What is the units digit of y(2)?
3
Suppose -3*l - 6*q + 3*q + 222 = 0, -5*l = -4*q - 334. Suppose -l = -5*z + 40. What is the units digit of z?
2
Suppose 0 = -2*q + 4*g + 74, q = 4*q - 4*g - 101. Suppose 5*b = -q + 152. What is the tens digit of b?
2
Let l(i) = 7 - 3 + 2 + i. Let p be l(-6). Suppose p = -a + 2*w - 2, -5*a + 28 = -a + 4*w. What is the units digit of a?
4
Let f be -1 + 0 - (-1)/1. Suppose -2*b - 2*b = -200. Suppose -5*w - 5*s + b = f, -4*w + 4*s - 11 + 43 = 0. What is the units digit of w?
9
What is the hundreds digit of (-6)/(-9) + 0 + (-1094)/(-6)?
1
Suppose -5*g + 2530 = -4*x, 0*x + 5*g - 1900 = 3*x. What is the tens digit of (1/(-2))/(15/x)?
2
Let j(h) = h - 6. Let w be j(5). Let q(y) = 12*y + 1. Let l be q(w). Let a = -6 - l. What is the units digit of a?
5
Let l = 11 + -21. Suppose -72 = 5*h - 92. What is the tens digit of (h/l)/((-6)/300)?
2
Let p(m) = -m**3 - 2*m**2 + 3. Let b(v) = v**2 - 5*v + 3. Let t be b(2). Let g be p(t). Suppose -3*h = h - g, -2*x + 31 = 3*h. What is the tens digit of x?
1
Let q = 4 + -4. Let c be 0 - (-1 + (1 - q)). Suppose c*g - 3*g = -21. What is the units digit of g?
7
Let a(o) = -6*o**3 - 4*o**2 - 3*o + 4. Let f(g) = -6*g**3 - 3*g**2 - 2*g + 3. Let u(h) = -3*a(h) + 4*f(h). What is the units digit of u(-1)?
5
Let h be 25 + 1 + 3 + -5. Suppose -169 + h = -5*p. Suppose -25 = -3*o + p. What is the tens digit of o?
1
Let k(s) = 14*s + 1. Let y be k(-4). What is the units digit of (1 - 4)/(33/y)?
5
Suppose 4*h + 440 = 4*s, 3*h - 6 = -0*h. What is the units digit of s?
2
What is the units digit of (4/(-8))/(2/(-72))?
8
Let b be -2 - -7 - -3*1. Suppose -3*n + n = -22. Let c = n - b. What is the units digit of c?
3
Suppose 0 = -5*f - 3*k + 2*k - 46, -k = 4*f + 36. Let q(z) = z + 21 - 7 + 5. What is the units digit of q(f)?
9
Let d = 5 - 3. Let l be (-1)/((-2)/(d*21)). Let o = 30 - l. What is the units digit of o?
9
Let s(f) = 10 - 4*f + 3*f + 2*f. What is the units digit of s(-8)?
2
Let y be (-1 + (-22)/(-4))*-2. What is the units digit of (y/(-6))/3*2?
1
Suppose 7*o - 2*o = 10. Suppose -o*q + 3*q = -5*v + 20, 2*q - 29 = v. What is the tens digit of q?
1
Suppose -3*t - 14 = -59. Suppose -4*d + t = d. What is the units digit of d?
3
Let l(z) = -z**2 - 5*z - 2. Let h(d) = 5*d + 1. Let o be h(-1). What is the units digit of l(o)?
2
Suppose -49 + 4 = -3*g - 2*r, 0 = -r. Suppose 6 = h + g. Let w = -4 - h. What is the units digit of w?
5
Let k = 2 + 0. Let v = 13 + -11. Suppose -v*l = k*l - 2*c - 66, 6 = -2*c. What is the units digit of l?
5
Let w = 14 - -35. What is the units digit of w?
9
Let r(b) = -b**2 + 12*b - 12. Let y be ((-6)/(-5))/((-4)/(-120)). Suppose -2*n - 2*n + y = 0. What is the tens digit of r(n)?
1
Let h = -6 - -8. Suppose -4*c - 3 = 4*d + 17, h*c = 3*d + 15. Suppose -10 = -c*m - 2*m. What is the units digit of m?
5
Suppose -824 = f - 9*f. What is the units digit of f?
3
Let a = 3 - 3. Suppose a = 2*g - 20. Wha